{"id":57,"date":"2026-03-20T20:24:55","date_gmt":"2026-03-20T19:24:55","guid":{"rendered":"https:\/\/www.kawalki.pl\/?page_id=57"},"modified":"2026-03-20T20:24:55","modified_gmt":"2026-03-20T19:24:55","slug":"polityka-prywatnosci-2","status":"publish","type":"page","link":"https:\/\/www.kawalki.pl\/?page_id=57","title":{"rendered":"Polityka Prywatno\u015bci"},"content":{"rendered":"\n<h2 class=\"wp-block-heading\">Drogi U\u017cytkowniku!<\/h2>\n\n\n\n<p>Dbamy o Twoj\u0105 prywatno\u015b\u0107 i chcemy, aby\u015b w czasie korzystania z naszych us\u0142ug czu\u0142 si\u0119 komfortowo. Dlatego te\u017c poni\u017cej prezentujemy Ci najwa\u017cniejsze informacje o zasadach przetwarzania przez nas Twoich danych osobowych oraz plikach cookies, kt\u00f3re s\u0105 wykorzystywane przez nasz Sklep. Informacje te zosta\u0142y przygotowane z uwzgl\u0119dnieniem RODO, czyli og\u00f3lnego rozporz\u0105dzenia o ochronie danych.<\/p>\n\n\n\n<h2 class=\"wp-block-heading\">ADMINISTRATOR DANYCH OSOBOWYCH<\/h2>\n\n\n\n<p>Firma WO\u0179NIAK Piotr Wo\u017aniak z siedzib\u0105 pod adresem 33-326 Paszyn 615, wpisana do Centralnej Ewidencji i Informacji o Dzia\u0142alno\u015bci Gospodarczej NIP 7343440742, nr REGON 121552361.<\/p>\n\n\n\n<p>Je\u015bli chcesz skontaktowa\u0107 si\u0119 z nami w zwi\u0105zku z przetwarzaniem przez nas Twoich danych osobowych, napisz do nas na adres e-mail: firma.wozniak.ns@gmail.com<\/p>\n\n\n\n<h2 class=\"wp-block-heading\">TWOJE UPRAWNIENIA<\/h2>\n\n\n\n<p>Przys\u0142uguje Ci prawo \u017c\u0105dania:<\/p>\n\n\n\n<ul class=\"wp-block-list\">\n<li>dost\u0119pu do Twoich danych osobowych, w tym uzyskania kopii Twoich danych (art. 15 RODO lub &#8211; je\u015bli ma to zastosowanie &#8211; art. 13 ust. 1 lit. f RODO),<\/li>\n\n\n\n<li>ich sprostowania (art. 16 RODO),<\/li>\n\n\n\n<li>usuni\u0119cia (art. 17 RODO),<\/li>\n\n\n\n<li>ograniczenia przetwarzania (art. 18 RODO),<\/li>\n\n\n\n<li>przeniesienia danych do innego administratora (art. 20 RODO).<\/li>\n<\/ul>\n\n\n\n<p>A tak\u017ce prawo:<\/p>\n\n\n\n<ul class=\"wp-block-list\">\n<li>wniesienia w dowolnym momencie sprzeciwu wobec przetwarzania Twoich danych:\n<ul class=\"wp-block-list\">\n<li>z przyczyn zwi\u0105zanych z Twoj\u0105 szczeg\u00f3ln\u0105 sytuacj\u0105 \u2013 wobec przetwarzania dotycz\u0105cych Ciebie danych osobowych, opartego na art. 6 ust. 1 lit. f RODO (tj. na realizowanych przez nas prawnie uzasadnionych interesach) (art. 21 ust. 1 RODO);<\/li>\n\n\n\n<li>je\u017celi dane osobowe s\u0105 przetwarzane na potrzeby marketingu bezpo\u015bredniego, w zakresie, w jakim przetwarzanie jest zwi\u0105zane z takim marketingiem bezpo\u015brednim (art. 21 ust. 2 RODO).<\/li>\n<\/ul>\n<\/li>\n<\/ul>\n\n\n\n<p>Skontaktuj si\u0119 z nami, je\u015bli chcesz skorzysta\u0107 ze swoich praw. Sprzeciw w odniesieniu do wykorzystywania przez nas plik\u00f3w cookies (o kt\u00f3rych przeczytasz poni\u017cej) mo\u017cesz wyrazi\u0107 zw\u0142aszcza za pomoc\u0105 odpowiednich ustawie\u0144 przegl\u0105darki.<\/p>\n\n\n\n<p>Je\u015bli uznasz, \u017ce Twoje dane s\u0105 przetwarzane niezgodnie z prawem, mo\u017cesz z\u0142o\u017cy\u0107 skarg\u0119 do Prezesa Urz\u0119du Ochrony Danych Osobowych.<\/p>\n\n\n\n<h2 class=\"wp-block-heading\">DANE OSOBOWE I PRYWATNO\u015a\u0106<\/h2>\n\n\n\n<p>Poni\u017cej znajdziesz szczeg\u00f3\u0142owe informacje na temat przetwarzania Twoich danych w zale\u017cno\u015bci od podejmowanych przez Ciebie dzia\u0142a\u0144.<\/p>\n\n\n\n<h3 class=\"wp-block-heading\">1. Z\u0142o\u017cenie zam\u00f3wienia w Sklepie<\/h3>\n\n\n\n<figure class=\"wp-block-table\"><table class=\"has-fixed-layout\"><tbody><tr><th>W jakim celu?<\/th><\/tr><tr><td>realizacja Twojego zam\u00f3wienia<\/td><\/tr><tr><th>Na jakiej podstawie?<\/th><\/tr><tr><td>umowa sprzeda\u017cy (art. 6 ust. 1 lit. b RODO)<\/td><td>obowi\u0105zek prawny, zwi\u0105zany z rachunkowo\u015bci\u0105, zobowi\u0105zuj\u0105cy nas do przetwarzania Twoich danych osobowych (art. 6 ust. 1 lit. c RODO)<\/td><\/tr><tr><th>Jak d\u0142ugo?<\/th><\/tr><tr><td>przez okres obowi\u0105zywania wy\u017cej wymienionej umowy<\/td><td>do momentu wyga\u015bni\u0119cia ci\u0105\u017c\u0105cego na nas obowi\u0105zku prawnego, zwi\u0105zanego z rachunkowo\u015bci\u0105<\/td><\/tr><tr><td>ponadto, Twoje dane b\u0119d\u0105 przetwarzane do up\u0142ywu okresu, w kt\u00f3rym mo\u017cliwe jest dochodzenie roszcze\u0144 \u2013 przez Ciebie lub przez nas<br>(wi\u0119cej informacji na ten temat znajdziesz w ostatniej tabeli tej sekcji)<\/td><\/tr><tr><th>Co si\u0119 stanie, je\u015bli nie podasz danych?<\/th><\/tr><tr><td>nie b\u0119dziesz mie\u0107 mo\u017cliwo\u015bci z\u0142o\u017cenia zam\u00f3wienia<\/td><\/tr><\/tbody><\/table><\/figure>\n\n\n\n<h3 class=\"wp-block-heading\">2. Za\u0142o\u017cenie konta w Sklepie<\/h3>\n\n\n\n<figure class=\"wp-block-table\"><table class=\"has-fixed-layout\"><tbody><tr><th>W jakim celu?<\/th><\/tr><tr><td>realizacja umowy o \u015bwiadczenie us\u0142ugi prowadzenia konta w Sklepie<\/td><\/tr><tr><th>Na jakiej podstawie?<\/th><\/tr><tr><td>umowa o \u015bwiadczenie us\u0142ug (art. 6 ust. 1 lit. b RODO)<\/td><\/tr><tr><th>Jak d\u0142ugo?<\/th><\/tr><tr><td>do momentu, w kt\u00f3rym konto zostanie usuni\u0119te przez Ciebie lub przez nas na Twoje \u017c\u0105danie<\/td><\/tr><tr><td>ponadto, Twoje dane b\u0119d\u0105 przetwarzane do up\u0142ywu okresu, w kt\u00f3rym mo\u017cliwe jest dochodzenie roszcze\u0144 \u2013 przez Ciebie lub przez nas<br>(wi\u0119cej informacji na ten temat znajdziesz w ostatniej tabeli tej sekcji)<\/td><\/tr><tr><th>Co si\u0119 stanie, je\u015bli nie podasz danych?<\/th><\/tr><tr><td>nie b\u0119dziesz mie\u0107 mo\u017cliwo\u015bci za\u0142o\u017cenia konta i korzystania z jego funkcji, takich jak przegl\u0105danie historii zam\u00f3wie\u0144 czy sprawdzenie statusu zam\u00f3wienia<\/td><\/tr><\/tbody><\/table><\/figure>\n\n\n\n<h3 class=\"wp-block-heading\">3. Nawi\u0105zanie z nami kontaktu (np. w celu zadania pytania)<\/h3>\n\n\n\n<figure class=\"wp-block-table\"><table class=\"has-fixed-layout\"><tbody><tr><th>W jakim celu?<\/th><\/tr><tr><td>obs\u0142uga Twoich zapyta\u0144 lub zg\u0142osze\u0144<\/td><\/tr><tr><th>Na jakiej podstawie?<\/th><\/tr><tr><td>umowa lub dzia\u0142ania podejmowane na Twoje \u017c\u0105danie, zmierzaj\u0105ce do jej zawarcia (art. 6 ust. 1 lit. b RODO) \u2013 w przypadku, gdy Twoje zapytanie lub zg\u0142oszenie dotyczy umowy, kt\u00f3rej jeste\u015bmy lub mo\u017cemy by\u0107 stron\u0105<\/td><td>nasz prawnie uzasadniony interes, polegaj\u0105cy na przetwarzaniu Twoich danych w celu prowadzenia z Tob\u0105 komunikacji (art. 6 ust. 1 lit. f RODO) \u2013 je\u017celi Twoje zapytanie lub zg\u0142oszenie nie ma zwi\u0105zku z umow\u0105<\/td><\/tr><tr><th>Jak d\u0142ugo?<\/th><\/tr><tr><td>przez czas trwania wi\u0105\u017c\u0105cej nas umowy lub \u2013 je\u015bli umowa nie zostanie zawarta &#8211; do up\u0142ywu okresu dochodzenia roszcze\u0144 \u2013 zobacz ostatni\u0105 tabel\u0119 tej sekcji*<\/td><td>do up\u0142ywu okresu dochodzenia roszcze\u0144 \u2013 zobacz ostatni\u0105 tabel\u0119 tej sekcji &#8211; lub do momentu, w kt\u00f3rym uwzgl\u0119dnimy Tw\u00f3j sprzeciw wobec przetwarzania*<\/td><\/tr><tr><td>ponadto, Twoje dane b\u0119d\u0105 przetwarzane do up\u0142ywu okresu, w kt\u00f3rym mo\u017cliwe jest dochodzenie roszcze\u0144 \u2013 przez Ciebie lub przez nas<br>(wi\u0119cej informacji na ten temat znajdziesz w ostatniej tabeli tej sekcji)<\/td><\/tr><tr><th>Co si\u0119 stanie, je\u015bli nie podasz danych?<\/th><\/tr><tr><td>nie b\u0119dziemy mieli mo\u017cliwo\u015bci udzielenia odpowiedzi na Twoje zapytanie lub zg\u0142oszenie<\/td><\/tr><\/tbody><\/table><\/figure>\n\n\n\n<p>* w zale\u017cno\u015bci od tego, kt\u00f3re ma zastosowanie w danym przypadku i kt\u00f3re nast\u0105pi najwcze\u015bniej<\/p>\n\n\n\n<h3 class=\"wp-block-heading\">4. Ustawienia przegl\u0105darki lub inne zbli\u017cone dzia\u0142anie zezwalaj\u0105ce na prowadzenie dzia\u0142a\u0144 analitycznych<\/h3>\n\n\n\n<figure class=\"wp-block-table\"><table class=\"has-fixed-layout\"><tbody><tr><th>W jakim celu?<\/th><\/tr><tr><td>analiza sposobu korzystania i poruszania si\u0119 przez Ciebie po stronie internetowej Sklepu, celem dostosowania strony do potrzeb i zachowania U\u017cytkownik\u00f3w<br>(wi\u0119cej na ten temat przeczytasz w sekcji \u201eDzia\u0142ania analityczne\u201d i \u201ePliki cookies\u201d Polityki prywatno\u015bci)<\/td><\/tr><tr><th>Na jakiej podstawie?<\/th><\/tr><tr><td>nasz prawnie uzasadniony interes, polegaj\u0105cy na przetwarzaniu danych w podanym wy\u017cej celu (art. 6 ust. 1 lit. f RODO)<\/td><\/tr><tr><th>Jak d\u0142ugo?<\/th><\/tr><tr><td>do momentu wyga\u015bni\u0119cia wa\u017cno\u015bci lub usuni\u0119cia przez Ciebie plik\u00f3w cookies, wykorzystywanych do cel\u00f3w analitycznych*<\/td><\/tr><tr><th>Co si\u0119 stanie, je\u015bli nie podasz danych?<\/th><\/tr><tr><td>nie uwzgl\u0119dnimy Twoich preferencji dotycz\u0105cych korzystania ze Sklepu w pracach nad jego rozwojem<\/td><\/tr><\/tbody><\/table><\/figure>\n\n\n\n<p>* w zale\u017cno\u015bci od tego, kt\u00f3re ma zastosowanie w danym przypadku i kt\u00f3re nast\u0105pi najwcze\u015bniej<\/p>\n\n\n\n<h3 class=\"wp-block-heading\">5. Subskrypcja newslettera<\/h3>\n\n\n\n<figure class=\"wp-block-table\"><table class=\"has-fixed-layout\"><tbody><tr><th>W jakim celu?<\/th><\/tr><tr><td>wysy\u0142anie newslettera<\/td><\/tr><tr><th>Na jakiej podstawie?<\/th><\/tr><tr><td>umowa o \u015bwiadczenie us\u0142ugi wysy\u0142ki newslettera (art. 6 ust. 1 lit. b RODO)<\/td><\/tr><tr><th>Jak d\u0142ugo?<\/th><\/tr><tr><td>do momentu, w kt\u00f3rym wypiszesz si\u0119 z naszego newslettera<\/td><\/tr><tr><td>ponadto, Twoje dane b\u0119d\u0105 przetwarzane do up\u0142ywu okresu, w kt\u00f3rym mo\u017cliwe jest dochodzenie roszcze\u0144 \u2013 przez Ciebie lub przez nas<br>(wi\u0119cej informacji na ten temat znajdziesz w ostatniej tabeli tej sekcji)<\/td><\/tr><tr><th>Co si\u0119 stanie, je\u015bli nie podasz danych?<\/th><\/tr><tr><td>nie b\u0119dziesz mie\u0107 mo\u017cliwo\u015bci otrzymywania informacji dotycz\u0105cych Sklepu i naszych us\u0142ug<\/td><\/tr><\/tbody><\/table><\/figure>\n\n\n\n<h3 class=\"wp-block-heading\">6. Podj\u0119cie dzia\u0142ania lub zaniechanie mog\u0105ce powodowa\u0107 powstanie roszcze\u0144 zwi\u0105zanych ze Sklepem lub naszymi us\u0142ugami<\/h3>\n\n\n\n<figure class=\"wp-block-table\"><table class=\"has-fixed-layout\"><tbody><tr><th>W jakim celu?<\/th><\/tr><tr><td>ustalenie, dochodzenie lub obrona ewentualnych roszcze\u0144, zwi\u0105zanych z zawart\u0105 umow\u0105 lub \u015bwiadczonymi us\u0142ugami<\/td><\/tr><tr><th>Na jakiej podstawie?<\/th><\/tr><tr><td>nasz prawnie uzasadniony interes, polegaj\u0105cy na przetwarzaniu danych osobowych we wskazanym powy\u017cej celu (art. 6 ust. 1 lit. f RODO)<\/td><\/tr><tr><th>Jak d\u0142ugo?<\/th><\/tr><tr><td>do up\u0142ywu okresu przedawnienia roszcze\u0144 lub do momentu, w kt\u00f3rym uwzgl\u0119dnimy Tw\u00f3j sprzeciw wobec przetwarzania*<\/td><\/tr><tr><th>Co si\u0119 stanie, je\u015bli nie podasz danych?<\/th><\/tr><tr><td>brak mo\u017cliwo\u015bci ustalenia, dochodzenia lub obrony roszcze\u0144<\/td><\/tr><\/tbody><\/table><\/figure>\n\n\n\n<p>* w zale\u017cno\u015bci od tego, kt\u00f3re ma zastosowanie w danym przypadku i kt\u00f3re nast\u0105pi najwcze\u015bniej<\/p>\n\n\n\n<h2 class=\"wp-block-heading\">DZIA\u0141ANIA ANALITYCZNE<\/h2>\n\n\n\n<p>W ramach Sklepu prowadzimy dzia\u0142ania analityczne, maj\u0105ce na celu zwi\u0119kszenie jego intuicyjno\u015bci i przyst\u0119pno\u015bci \u2013 w odniesieniu do Ciebie b\u0119dzie to mia\u0142o miejsce, je\u015bli zezwolisz na takie dzia\u0142ania. W ramach analizy b\u0119dziemy bra\u0107 pod uwag\u0119 spos\u00f3b, w jaki poruszasz si\u0119 po Sklepie \u2013 a wi\u0119c np. to, ile czasu sp\u0119dzasz na danej podstronie, czy w kt\u00f3re miejsca w Sklepie klikasz. Dzi\u0119ki temu mo\u017cemy dostosowa\u0107 uk\u0142ad i&nbsp;wygl\u0105d Sklepu oraz zamieszczane w nim tre\u015bci do potrzeb U\u017cytkownik\u00f3w.<\/p>\n\n\n\n<h2 class=\"wp-block-heading\">BEZPIECZE\u0143STWO DANYCH<\/h2>\n\n\n\n<p>Przetwarzaj\u0105c Twoje dane osobowe stosujemy \u015brodki organizacyjne i techniczne zgodne z w\u0142a\u015bciwymi przepisami prawa, w tym stosujemy szyfrowanie po\u0142\u0105czenia za pomoc\u0105 certyfikatu SSL.<\/p>\n\n\n\n<h2 class=\"wp-block-heading\">PLIKI COOKIES<\/h2>\n\n\n\n<p>Nasz Sklep, jak wi\u0119kszo\u015b\u0107 witryn internetowych, korzysta z tzw. plik\u00f3w cookies (ciasteczek). Pliki te:<\/p>\n\n\n\n<ul class=\"wp-block-list\">\n<li>s\u0105 zapisywane w pami\u0119ci Twojego urz\u0105dzenia (komputera, telefonu, itd.);<\/li>\n\n\n\n<li>nie powoduj\u0105 zmian w ustawieniach Twojego urz\u0105dzenia.<\/li>\n<\/ul>\n\n\n\n<p>W tym Sklepie ciasteczka wykorzystywane s\u0105 w celach:<\/p>\n\n\n\n<ul class=\"wp-block-list\">\n<li>statystycznych<\/li>\n<\/ul>\n\n\n\n<p>Aby dowiedzie\u0107 si\u0119, jak zarz\u0105dza\u0107 plikami cookies, w tym jak wy\u0142\u0105czy\u0107 ich obs\u0142ug\u0119 w Twojej przegl\u0105darce, mo\u017cesz skorzysta\u0107 z pliku pomocy Twojej przegl\u0105darki. Z informacjami na ten temat mo\u017cesz zapozna\u0107 si\u0119 wciskaj\u0105c klawisz F1 w przegl\u0105darce. Ponadto odpowiednie wskaz\u00f3wki znajdziesz na nast\u0119puj\u0105cych podstronach, w zale\u017cno\u015bci od przegl\u0105darki, kt\u00f3rej u\u017cywasz:<\/p>\n\n\n\n<ul class=\"wp-block-list\">\n<li><a href=\"https:\/\/support.mozilla.org\/pl\/kb\/wzmocniona-ochrona-przed-sledzeniem-firefox-desktop?redirectlocale=pl&amp;redirectslug=W%C5%82%C4%85czanie+i+wy%C5%82%C4%85czanie+obs%C5%82ugi+ciasteczek\" target=\"_blank\" rel=\"noreferrer noopener\">Firefox<\/a><\/li>\n\n\n\n<li><a href=\"https:\/\/support.google.com\/chrome\/answer\/95647?hl=pl\" target=\"_blank\" rel=\"noreferrer noopener\">Chrome<\/a><\/li>\n\n\n\n<li><a href=\"https:\/\/support.apple.com\/pl-pl\/guide\/safari\/sfri11471\/mac\" target=\"_blank\" rel=\"noreferrer noopener\">Safari<\/a><\/li>\n\n\n\n<li><a href=\"https:\/\/support.microsoft.com\/pl-pl\/help\/4468242\/microsoft-edge-browsing-data-and-privacy\" target=\"_blank\" rel=\"noreferrer noopener\">Internet Explorer \/ Microsoft Edge<\/a><\/li>\n<\/ul>\n\n\n\n<p>Poni\u017cej znajdziesz informacje na temat funkcji przetwarzanych przez nas plik\u00f3w cookie oraz ich okresie wa\u017cno\u015bci.<\/p>\n\n\n\n<figure class=\"wp-block-table\"><table class=\"has-fixed-layout\"><tbody><tr><th>nazwa pliku cookie<\/th><th>okres wa\u017cno\u015bci pliku cookie<\/th><th>funkcja pliku cookie<\/th><\/tr><tr><td>_ga<\/td><td>czas trwania sesji<\/td><td>\u015bledzienie ruchu w sklepie w celach statystycznych<\/td><\/tr><\/tbody><\/table><\/figure>\n\n\n\n<p>Korzystaj\u0105c z odpowiednich opcji Twojej przegl\u0105darki, w ka\u017cdej chwili mo\u017cesz:<\/p>\n\n\n\n<ul class=\"wp-block-list\">\n<li>usun\u0105\u0107 pliki cookies,<\/li>\n\n\n\n<li>blokowa\u0107 wykorzystanie plik\u00f3w cookies w przysz\u0142o\u015bci.<\/li>\n<\/ul>\n\n\n\n<p>W takich przypadkach nie b\u0119dziemy ich ju\u017c d\u0142u\u017cej przetwarza\u0107.<\/p>\n\n\n\n<p>Wi\u0119cej informacji o plikach cookies znajdziesz w&nbsp;<a href=\"https:\/\/pl.wikipedia.org\/wiki\/HTTP_cookie\">Wikipedii<\/a>.<\/p>\n\n\n\n<h2 class=\"wp-block-heading\">US\u0141UGI ZEWN\u0118TRZNE \/ ODBIORCY DANYCH<\/h2>\n\n\n\n<p>Korzystamy z us\u0142ug podmiot\u00f3w zewn\u0119trznych, kt\u00f3re wspieraj\u0105 nas w prowadzeniu dzia\u0142alno\u015bci. Powierzamy im do przetwarzania Twoje dane \u2013 podmioty te przetwarzaj\u0105 dane wy\u0142\u0105cznie na nasze udokumentowane polecenie.<\/p>\n\n\n\n<p>Poni\u017cej znajdziesz list\u0119 odbiorc\u00f3w Twoich danych:<\/p>\n\n\n\n<figure class=\"wp-block-table\"><table class=\"has-fixed-layout\"><tbody><tr><th>DZIA\u0141ANIE<\/th><th>ODBIORCY DANYCH<\/th><th>PRZEKAZANIE DANYCH POZA UNI\u0118 EUROPEJSK\u0104<\/th><\/tr><tr><th>ka\u017cde dzia\u0142anie w zwi\u0105zku ze Sklepem<\/th><td>operator internetowej platformy handlowej<\/td><td>nie ma miejsca<\/td><\/tr><tr><td>kancelaria prawna<\/td><td>nie ma miejsca<\/td><\/tr><tr><th>z\u0142o\u017cenie zam\u00f3wienia w Sklepie<\/th><td>dostawca p\u0142atno\u015bci<\/td><td>nie ma miejsca<\/td><\/tr><tr><td>podmiot zapewniaj\u0105cy dostaw\u0119 towaru \u2013 chyba \u017ce wybra\u0142e\u015b opcj\u0119 odbioru osobistego<\/td><td>nie ma miejsca<\/td><\/tr><tr><td>podmiot zapewniaj\u0105cy system ratalny<\/td><td>nie ma miejsca<\/td><\/tr><tr><th>wzi\u0119cie udzia\u0142u w badaniu satysfakcji z naszych us\u0142ug lub produkt\u00f3w<\/th><td>podmioty umo\u017cliwiaj\u0105ce umieszczanie opinii o Sklepie lub produktach i ich por\u00f3wnywanie<\/td><td>nie ma miejsca<\/td><\/tr><\/tbody><\/table><\/figure>\n\n\n\n<p>A ponadto:<\/p>\n\n\n\n<p>odpowiednie organy publiczne w zakresie, w jakim jeste\u015bmy zobowi\u0105zani do udost\u0119pnienia im danych.<\/p>\n","protected":false},"excerpt":{"rendered":"<p>Drogi U\u017cytkowniku! Dbamy o Twoj\u0105 prywatno\u015b\u0107 i chcemy, aby\u015b w czasie korzystania z naszych us\u0142ug czu\u0142 si\u0119 komfortowo. Dlatego te\u017c poni\u017cej prezentujemy Ci najwa\u017cniejsze informacje o zasadach przetwarzania przez nas Twoich danych osobowych oraz plikach cookies, kt\u00f3re s\u0105 wykorzystywane przez nasz Sklep. Informacje te zosta\u0142y przygotowane z uwzgl\u0119dnieniem RODO, czyli og\u00f3lnego rozporz\u0105dzenia o ochronie danych. [&hellip;]<\/p>\n","protected":false},"author":1,"featured_media":0,"parent":0,"menu_order":0,"comment_status":"closed","ping_status":"closed","template":"","meta":{"footnotes":""},"class_list":["post-57","page","type-page","status-publish","hentry"],"_links":{"self":[{"href":"https:\/\/www.kawalki.pl\/index.php?rest_route=\/wp\/v2\/pages\/57","targetHints":{"allow":["GET"]}}],"collection":[{"href":"https:\/\/www.kawalki.pl\/index.php?rest_route=\/wp\/v2\/pages"}],"about":[{"href":"https:\/\/www.kawalki.pl\/index.php?rest_route=\/wp\/v2\/types\/page"}],"author":[{"embeddable":true,"href":"https:\/\/www.kawalki.pl\/index.php?rest_route=\/wp\/v2\/users\/1"}],"replies":[{"embeddable":true,"href":"https:\/\/www.kawalki.pl\/index.php?rest_route=%2Fwp%2Fv2%2Fcomments&post=57"}],"version-history":[{"count":1,"href":"https:\/\/www.kawalki.pl\/index.php?rest_route=\/wp\/v2\/pages\/57\/revisions"}],"predecessor-version":[{"id":58,"href":"https:\/\/www.kawalki.pl\/index.php?rest_route=\/wp\/v2\/pages\/57\/revisions\/58"}],"wp:attachment":[{"href":"https:\/\/www.kawalki.pl\/index.php?rest_route=%2Fwp%2Fv2%2Fmedia&parent=57"}],"curies":[{"name":"wp","href":"https:\/\/api.w.org\/{rel}","templated":true}]}}